ive n(m).
-2
Let q(w) = -w**2 + 6*w - 6. Let y = -53 - -57. Determine q(y).
2
Suppose -5*v = 0, v - 4*v + 20 = 4*n. Let w = -37 + 38. Let j(o) = -o**3. Let u(y) = -5*y**3 - 4*y**2 - 4*y - 1. Let k(m) = w*u(m) - 6*j(m). Give k(n).
4
Let b be (-2)/(-4) + (-10)/4. Let q be b/(-4) - 17/(-2). Suppose 4*v + q = -7. Let f(w) = -w**3 - 3*w**2 + 4*w - 5. What is f(v)?
-5
Let a(z) be the first derivative of 0*z**2 + 12 + z + 1/3*z**3. Calculate a(1).
2
Let y(l) = l**2 + 3*l. Let d(o) = o**2 + 7*o - 2. Let q be (-2)/3 + 224/(-24). Let t be d(q). Suppose -6*v = v + t. Give y(v).
4
Let s(i) = 3*i**3 - 7*i**2 + 16*i - 10. Let j(k) = -10*k**3 + 20*k**2 - 49*k + 31. Let q(w) = 2*j(w) + 7*s(w). Calculate q(7).
-8
Let a(o) = o**2 - 10*o - 4. Let d be (72/(-144))/((-1)/26). Calculate a(d).
35
Let d(w) = w**3 + 8*w**2 + 6*w - 6. Let q be 35*(3 - 6/3). Suppose 3*a + j - 18 - 77 = 0, 0 = a + 2*j - q. Suppose -a = 5*r + 4. Determine d(r).
1
Let i(a) = a - 1. Suppose 0 = x - 2*x + 15. Let m(w) = -x + 6 + w + 9. Let p(c) = -i(c) - m(c). Calculate p(2).
-3
Let s(l) = -l + 1. Suppose 0*j = j - 4. Suppose j*x - 16 = 8*x. Let v be 0*(-1 - 0) + x. Determine s(v).
5
Suppose 4*y + 0 = 2*l - 2, -2*y + 11 = -5*l. Let q(u) = -5*u**2 - 4*u. Give q(l).
-33
Let u(h) = -2*h - 8. Suppose 2*a = 0, -a + 2 = -t + 4. Suppose 5*k - 8 = -2*v, t*k = -k + 3*v + 9. Suppose -p - 2*l = 7 + 5, -18 = 2*p + k*l. Determine u(p).
4
Let t(p) = -4*p - 5. Let u(r) = r**2 - 65*r + 811. Let x be u(48). What is t(x)?
15
Suppose -q + 2 = -0. Let o(m) = -3*m**3 - m**3 - 2*m**q + 3*m**3 + 1 + 3*m - 4. Let r = 380 - 383. Determine o(r).
-3
Let i(v) = -21*v - 2 - 3 + 4. Suppose -563*m = -3*d - 567*m + 5, 2*d - m + 4 = 0. Give i(d).
20
Let y(b) be the third derivative of b**5/60 - b**4/12 - b**3/6 + b**2. Let n be y(2). Let s(a) = 4189*a - 4191*a - 4*a**2 + 4*a**3 - 1 + 2*a**2. Determine s(n).
-5
Let s(m) = -12*m + 1. Let w(b) = b. Let n(c) = 2*s(c) + 22*w(c). Let d(p) = p. Let z(o) = -3*d(o) - n(o). Let f be (-3)/1 - (-2 + -3). Calculate z(f).
-4
Let s(w) = -5. Let f(t) = -2. Let r(b) = 7*f(b) - 3*s(b). Let u(p) = p - 8. Let i(x) = -4*r(x) - u(x). Give i(0).
4
Suppose 4*l = -0*l - 32. Let a(z) = -9 - 4*z - 2*z**3 - z**2 - 10*z - 14*z + 26*z. Let x(g) = -g**3 - g**2 - g - 6. Let y(k) = l*x(k) + 5*a(k). Calculate y(2).
-5
Let c(v) = -2 + 2 + 129*v - 127*v + 4. Give c(-10).
-16
Let u(x) be the second derivative of -x**5/20 + 5*x**4/12 + x**3/6 - 7*x**2/2 - 12*x + 9. What is u(6)?
-37
Let j(r) = r**3 - 2*r**2 + 4*r - 2. Let n = 26 + -22. Suppose 7*u - 30 = 2*u. Suppose -n*p + u = -2. Determine j(p).
6
Let o = 86 + -82. Suppose o*z = -5*s - 8, 5*s - 3*z - 2*z + 35 = 0. Let i(w) = -w**2 - 5*w - 5. What is i(s)?
-1
Let y(m) be the second derivative of 9*m + 13/2*m**2 - 1/6*m**3 + 0. What is y(6)?
7
Let a(y) = 2*y**2 - 37*y + 17. Let d(v) = -v**2 + 17*v - 7. Let f(m) = 4*a(m) + 9*d(m). Suppose -11 = -3*j - 4*c, -2*j - 4*c = -6*j + 24. Give f(j).
5
Suppose -5*g = -22 + 2. Let f be -3*(g + -3 + -2). Let a(l) be the first derivative of -l**4/4 + 4*l**3/3 + l**2 + l + 2. Give a(f).
16
Suppose -28*b + 248 = -59*b. Let w(p) = -p**2 - 6*p + 7. Determine w(b).
-9
Let s(p) = 3*p + 1. Let q = -10 - -13. Suppose 0 = -3*t - 2*i + 11, -t + 8 = q*t - 4*i. Determine s(t).
10
Let r(v) = -v**2 + 11*v - 24. Let m = -991 - -998. What is r(m)?
4
Let w(n) = -2*n + 3. Let d be ((-20)/5 + -3)/(-1). Let h(g) = g + 9. Let p be h(-4). Suppose -d = -4*x + p. What is w(x)?
-3
Let z(l) = -8*l + 9. Let n(f) = 33*f - 42. Let r(g) = 2*n(g) + 9*z(g). What is r(0)?
-3
Let q be -2 + (2 - 0) - -1. Let v(a) = 4*a - 1. Let w be 1/6 + -33*4/(-72). Let u(t) = -t - 1. Let r(f) = w*u(f) - v(f). What is r(q)?
-7
Let r(t) = -t**3 + 2*t**2 + 9*t**2 + t - 2*t - 6*t**2. Give r(2).
10
Let s(r) be the first derivative of -r**4/4 - 2*r**3 + r**2/2 + 5*r - 129. Calculate s(-4).
-31
Let g(j) = 3*j - 32. Let z(s) = 2*s**2 + 25*s - 5. Let v be z(-13). Calculate g(v).
-8
Let j be 24/4 - 3 - -11. Suppose -4*t - o = -0*o - 9, j = 5*t + 4*o. Let z(p) = 2*p + 3*p - 2*p. Give z(t).
6
Suppose 105 + 165 = -9*r. Let f be 3/(-3*(-5)/r). Let q(c) = -c**3 - 8*c**2 - 9*c - 1. Give q(f).
-19
Let l(y) be the third derivative of y**4/24 + 5*y**3/6 - 6*y**2. Let t = 55 + -59. Give l(t).
1
Let o(y) be the second derivative of y**7/840 + y**5/120 + y**4/12 - 4*y**3/3 + 11*y. Let g(b) be the second derivative of o(b). Determine g(2).
12
Suppose -5*n + 2*n + 5*j - 1 = 0, 4*j = -3*n - 37. Let d(g) = g + 4. Give d(n).
-3
Let l be -4 + (-15)/(1 - 4). Let q(s) = -21*s**2 - 1. Give q(l).
-22
Let l(b) = -39 + 19 - 34 - b + 42. Let n = 0 + -5. What is l(n)?
-7
Let t be 4*(30/(-4) + 7). Let p(a) = a**2 + 4*a + 4. Give p(t).
0
Let h(o) = 2*o**2 + 19*o - 28. Let m be h(-11). Let t(n) = n**3 - 6*n**2 + 7*n - 2. Calculate t(m).
8
Let x(p) = -p**3 - 5*p**2 - 4*p - 4. Let i = -1 + 11. Let l be ((-3)/(-5))/((-2)/i). Determine x(l).
-10
Let h be 4/(-6) - (-336)/18. Let q = 20 - h. Let w(l) = l**2 - 3*l. Give w(q).
-2
Let t(w) = w**3 + 24*w**2 - 53*w - 22. Let k be t(-26). Let m(c) be the third derivative of c**5/60 - 5*c**4/24 - c**3/2 + 3*c**2. Give m(k).
-7
Let i(o) = 2*o**2 - o - 11. Let g(b) = 4*b**2 - b - 20. Let l(h) = 4*g(h) - 7*i(h). Determine l(2).
11
Let g(a) = -2*a - 4. Let w(u) = -u**2 + 12*u + 3. Let c be w(12). Suppose 4 = 2*n - 2. Suppose n*q + c = -6. What is g(q)?
2
Let l = -26 - -73. Suppose 1 = -8*v - l. Let n(y) = -y - 5. Determine n(v).
1
Let k be (-6)/(-21)*(-7)/(-4)*0. Suppose y + 5*f + 30 = 0, k = -y + 4*f - 0 + 15. Let x(a) = a**3 + 4*a**2 - 3*a + 4. What is x(y)?
-6
Let d(q) = 4*q - 15. Let h be d(7). Suppose 4*z = g + h, -z - 2*z = -3*g - 12. Let x(b) = -b - 4 - b**2 + z + b. Determine x(-2).
-5
Let w(o) = o**2 + 4*o - 12. Let a be w(-6). Suppose 5*v + a*v - 10 = 0. Suppose -v*j + 3*h + 24 = 0, 2 = j + h - 0. Let b(k) = -k**2 + 7*k + 8. Give b(j).
14
Let s(z) = 3 + 6*z - 13*z + z**2 - 5 + 6. Determine s(7).
4
Let x be 2 - (2/(-6))/((-3)/(-117)). Suppose -6*w = -x*w - 18. Let q(a) = -4*a. Give q(w).
8
Let c(a) = 11*a + 3 + 6242*a**3 - 3*a**2 - 6243*a**3 + 10*a. Calculate c(-6).
-15
Let d(t) be the first derivative of t**4/12 + 2*t**3/3 - t**2/2 + 3*t + 12. Let o(n) be the first derivative of d(n). Calculate o(-3).
-4
Let n(l) be the third derivative of -l**6/60 - l**5/60 - l**3/2 - 33*l**2. Determine n(-2).
9
Let u be (3 + -4)/(9/45). Let v(t) = -7*t - 32. What is v(u)?
3
Let p(a) = -4*a - 16. Let h(d) = -8*d - 27. Let j(k) = 3*h(k) - 5*p(k). Determine j(-4).
15
Suppose 2*c = h + 12, -3*h + c = 6*c + 80. Let k = h + 22. Let o(y) = 2 - 7*y + 2*y**3 + 4*y**3 + y**3 - 5*y**k - 6*y**3. What is o(6)?
-4
Let z(g) = 17*g - 17. Let i(p) = 13*p - 17. Let q(v) = -5*i(v) + 4*z(v). Give q(-6).
-1
Let s(u) = u**3 + 5*u**2 + 3*u. Let y be -3 + (30/(-27) - (-4)/36). Give s(y).
4
Let r be (-4)/8*-26 - 8. Let v(l) be the second derivative of l**5/20 - 5*l**4/12 + l**3/2 - 5*l**2/2 + l. What is v(r)?
10
Suppose 43 - 13 = -5*h. Let n = -56 + 63. Let y(p) = -2*p + 0*p + 4*p - 6*p**2 + 0*p + n - p**3. Calculate y(h).
-5
Let j = -128 - -123. Let g(y) = -y**2 - 7*y + 3. What is g(j)?
13
Let m = 1145 - 1153. Let r(o) = 2*o**2 + 10*o - 2. Determine r(m).
46
Let i(m) = -24*m + 3. Let u(s) = 11*s - 2. Let c(a) = 6*i(a) + 13*u(a). What is c(-4)?
-4
Suppose 2*m + 0 = -4*v + 26, -m + 2*v - 3 = 0. Let g(y) = -268 + 136 - m*y + 132. What is g(1)?
-5
Let k(d) = 4*d**3 + d**2 - 5*d + 1. Let h(c) = 3*c**3 + 2*c**2 - 5*c + 1. Let j(x) = -5*h(x) + 4*k(x). Suppose -429*r = -432*r + 15. Calculate j(r).
-1
Let y = -35 - -11. Let f be 2 + 0 + 1 + y. Let n be (-70)/f*3/(-2). Let i(r) = 2*r - 6. Calculate i(n).
-16
Let o(q) = q**3 - q**2 + q - 1. Let d(b) = b**2 - b + 1. Suppose -4*w + 3 = -1. Let m(l) = w*o(l) - d(l). Calculate m(3).
13
Suppose -9 = -5*n + 2*v + 9, 4*n + 5*v + 12 = 0. Let o(g) = 10*g - 2. What is o(n)?
18
Let q(y) = -y**2 + 6*y - 2. Let c(o) = o**2 - 7*o + 2. Let f(l) = -2*c(l) - 3*q(l). Let j(z) = 2*z - 3. Let t be j(3). Give f(t).
-1
Let m(s) = -s. Suppose -3*q - 3*a - 7 = 5, -a = -q. Let t be m(q). Suppose -21 = -t*d - d. Let o(z) = -z + 2. What is o(d)?
-5
Let u be (-9)/7 - 4/(-14). Let j(x) be the first derivative of -x**2 - 4 + 2*x + 4*x - 5*x - 7. Give j(u).
3
Let v(c) = -4*c - 2 - c**3 + 0*c 